{"id":245,"date":"2020-05-08T14:10:15","date_gmt":"2020-05-08T17:10:15","guid":{"rendered":"https:\/\/www.fenix.com.br\/blogs\/?page_id=245"},"modified":"2024-04-02T16:08:31","modified_gmt":"2024-04-02T19:08:31","slug":"ldo-reestimativa-e-avaliacao-anual-do-ppa","status":"publish","type":"page","link":"https:\/\/www.fenix.com.br\/blogs\/ldo-reestimativa-e-avaliacao-anual-do-ppa\/","title":{"rendered":"LDO\/Reestimativa e Avalia\u00e7\u00e3o Anual do PPA"},"content":{"rendered":"\n<p>Aplicativo completo para o processamento e fechamento da LDO (<em>Lei de Diretrizes Or\u00e7ament\u00e1rias<\/em>), Reestimativa e Avalia\u00e7\u00e3o Anual do PPA para o ano com base no PPA que foi lan\u00e7ado e processado anteriormente pelo Aplicativo PPA da F\u00eanix e, Fechamento da Metodologia e emiss\u00e3o de todos os relat\u00f3rios e c\u00e1lculos pertinentes aos&nbsp;<strong>Anexos de Metas e Riscos Fiscais<\/strong>.<br><br><strong>Este aplicativo faz parte do sistema de Gest\u00e3o P\u00fablica Municipal.<\/strong><br><br><a href=\"https:\/\/www.fenix.com.br\/sistema\/apresentacao\/11\">Para acessar \u00e0 p\u00e1gina de download do mesmo basta clicar aqui<\/a>.<br><br><a href=\"https:\/\/www.fenix.com.br\/blogs\/definicoes-legais-dos-orcamentos-fiscal-e-da-seguridade-social\/\">Defini\u00e7\u00f5es Legais dos Or\u00e7amentos Fiscal e da Seguridade Social<\/a><br><\/p>\n\n\n<div class=\"wp-block-image\">\n<figure class=\"alignleft size-large is-resized\"><img loading=\"lazy\" decoding=\"async\" width=\"45\" height=\"41\" src=\"https:\/\/www.fenix.com.br\/blogs\/wp-content\/uploads\/2020\/05\/Wikipedia_logo.png\" alt=\"\" class=\"wp-image-441\" style=\"width:32px;height:29px\"\/><\/figure>\n<\/div>\n\n\n<p>&nbsp;artigo relacionado &#8211; Ver&nbsp;<a href=\"http:\/\/pt.wikipedia.org\/wiki\/Lei_de_Diretrizes_Or%C3%A7ament%C3%A1rias\">Lei de Diretrizes Or\u00e7ament\u00e1rias.<\/a><\/p>\n\n\n\n<br>\n\n\n\n<h4 class=\"wp-block-heading\">Caracter\u00edsticas principais:<\/h4>\n\n\n\n<ol class=\"wp-block-list\">\n<li>Lan\u00e7amento de a\u00e7\u00f5es, metas e dados financeiros agora por Unidade Or\u00e7ament\u00e1ria.<\/li>\n\n\n\n<li>Desdobramento das Naturezas da Despesa at\u00e9 o n\u00edvel de Fonte de Recursos.<\/li>\n\n\n\n<li>Relat\u00f3rios completos com alto padr\u00e3o de qualidade visual.<\/li>\n\n\n\n<li>Totalmente adequado ao&nbsp;<a href=\"http:\/\/www.tesouro.fazenda.gov.br\/-\/ementario-da-receita-orcamentaria\">NOVO EMENT\u00c1RIO DA CLASSIFICA\u00c7\u00c3O POR NATUREZA DA RECEITA OR\u00c7AMENT\u00c1RIA<\/a>.<\/li>\n<\/ol>\n\n\n\n<h4 class=\"wp-block-heading\">Outras caracter\u00edsticas deste aplicativo:<\/h4>\n\n\n\n<ol class=\"wp-block-list\">\n<li>Relat\u00f3rios com op\u00e7\u00e3o para exporta\u00e7\u00e3o dos mesmo para WORD, EXCEL, HTML, PDF, Etc.<\/li>\n<\/ol>\n\n\n\n<br>\n\n\n\n<h4 class=\"wp-block-heading\">Informa\u00e7\u00f5es Adicionais<br><\/h4>\n\n\n\n<figure class=\"wp-block-embed is-type-wp-embed is-provider-central-de-ajuda wp-block-embed-central-de-ajuda\"><div class=\"wp-block-embed__wrapper\">\n<blockquote class=\"wp-embedded-content\" data-secret=\"XEePw1ClaV\"><a href=\"https:\/\/www.fenix.com.br\/blogs\/sistemas-operacionais-compativeis-com-os-aplicativos\/\">Sistemas operacionais compat\u00edveis com os aplicativos<\/a><\/blockquote><iframe loading=\"lazy\" class=\"wp-embedded-content\" sandbox=\"allow-scripts\" security=\"restricted\" style=\"position: absolute; clip: rect(1px, 1px, 1px, 1px);\" title=\"&#8220;Sistemas operacionais compat\u00edveis com os aplicativos&#8221; &#8212; Central de Ajuda\" src=\"https:\/\/www.fenix.com.br\/blogs\/sistemas-operacionais-compativeis-com-os-aplicativos\/embed\/#?secret=tH5C1QVAR0#?secret=XEePw1ClaV\" data-secret=\"XEePw1ClaV\" width=\"600\" height=\"338\" frameborder=\"0\" marginwidth=\"0\" marginheight=\"0\" scrolling=\"no\"><\/iframe>\n<\/div><\/figure>\n\n\n\n<ul class=\"wp-block-list\">\n<li><a href=\"http:\/\/fenix.com.br\/Wiki\/index.php\/Arquivo:Html_navegador.png\"><\/a>&nbsp;<a href=\"https:\/\/www.fenix.com.br\/ftp\/ldo\/HTML\/index.html\">Clique aqui para acessar o AJUDA Online deste aplicativo<\/a><\/li>\n<\/ul>\n\n\n\n<ul class=\"wp-block-list\">\n<li><a href=\"http:\/\/fenix.com.br\/Wiki\/index.php\/Arquivo:Pdf.png\"><\/a>&nbsp;<a href=\"https:\/\/www.fenix.com.br\/ftp\/ldo\/documentos\/avaliacao_anual_exemplo_usado_pela_fenix.pdf\">Modelo de documento de avalia\u00e7\u00e3o do PPA do Estado do Mato Grosso. Clique aqui<\/a><\/li>\n<\/ul>\n\n\n\n<br>\n\n\n\n<figure class=\"wp-block-image size-large\"><img loading=\"lazy\" decoding=\"async\" width=\"129\" height=\"45\" src=\"https:\/\/www.fenix.com.br\/blogs\/wp-content\/uploads\/2020\/05\/video_aula_logo.png\" alt=\"\" class=\"wp-image-406\"\/><\/figure>\n\n\n\n<br><ul><li><p style=\"font-size:14px\"><a href=\"https:\/\/youtu.be\/CP5LWrInuqM\" target=\"_blank\" rel=\"noopener noreferrer\">Acesso a p\u00e1gina da F\u00eanix, download do Agente F\u00eanix e Registro  <\/a><i class=\"fab fa-youtube\"><\/i><\/p><\/li>\n<li><p style=\"font-size:14px\"><a href=\"https:\/\/youtu.be\/vUP2lfQz3P0\" target=\"_blank\" rel=\"noopener noreferrer\">Procedimento para Importa\u00e7\u00e3o da tabela de Munic\u00edpios dos Aplicativos da F\u00eanix.  <\/a><i class=\"fab fa-youtube\"><\/i><\/p><\/li><\/ul>\n<ul>\n<li><p style=\"font-size:14px\"><a href=\"https:\/\/youtu.be\/hM663It0wdM\" target=\"_blank\" rel=\"noopener noreferrer\">Inclus\u00e3o do Or\u00e7amento atrav\u00e9s do aplicativo LDO  <\/a><i class=\"fab fa-youtube\"><\/i><\/p><\/li>\n<li><p style=\"font-size:14px\"><a href=\"https:\/\/youtu.be\/o1TEo-TraJ0\" target=\"_blank\" rel=\"noopener noreferrer\">Preenchimento dos anexos de metas e riscos fiscais, 1\u00aaparte Metodologia e Mem\u00f3ria de c\u00e1lculo  <\/a><i class=\"fab fa-youtube\"><\/i><\/p><\/li>\n<li><p style=\"font-size:14px\"><a href=\"https:\/\/youtu.be\/4kibjefycPE\" target=\"_blank\" rel=\"noopener noreferrer\">Preenchimento dos anexos de metas e riscos fiscais, 2\u00aaparte  <\/a><i class=\"fab fa-youtube\"><\/i><\/p><\/li>\n<li><p style=\"font-size:14px\"><a href=\"https:\/\/youtu.be\/foYkaeZV3SI\" target=\"_blank\" rel=\"noopener noreferrer\">Lan\u00e7ar Or\u00e7amento de C\u00e2mara e Outros Org\u00e3os que n\u00e3o elaboram Or\u00e7amento pr\u00f3prio  <\/a><i class=\"fab fa-youtube\"><\/i><\/p><\/li>\n<\/ul><br>\n\n\n\n<h4 class=\"wp-block-heading\">D\u00favidas<\/h4>\n\n\n\n<p><a href=\"https:\/\/www.fenix.com.br\/blogs\/como-lancar-orcamento-de-camara-e-outros-orgaos-que-nao-elaboram-orcamento-proprio\/\">Como lan\u00e7ar Or\u00e7amento de C\u00e2mara e Outros \u00d3rg\u00e3os que n\u00e3o elaboram Or\u00e7amento pr\u00f3prio?<\/a><\/p>\n\n\n\n<br>\n\n\n\n<h4 class=\"wp-block-heading\">Orienta\u00e7\u00f5es T\u00e9cnicas<\/h4>\n\n\n\n<p><a href=\"https:\/\/www.fenix.com.br\/blogs\/procedimentos-iniciais-para-se-poder-executar-o-orcamento-descentralizado\/\">Procedimentos iniciais para se poder executar o or\u00e7amento descentralizado<\/a><\/p>\n\n\n\n<br>\n\n\n\n<h4 class=\"wp-block-heading\">Links relacionados<\/h4>\n\n\n\n<figure class=\"wp-block-embed-wordpress wp-block-embed is-type-wp-embed is-provider-central-de-ajuda\"><div class=\"wp-block-embed__wrapper\">\n<blockquote class=\"wp-embedded-content\" data-secret=\"olPVb1Y7tY\"><a href=\"https:\/\/www.fenix.com.br\/blogs\/suporte-remoto-via-anydesk\/\">Suporte remoto via AnyDesk e TeamView<\/a><\/blockquote><iframe loading=\"lazy\" class=\"wp-embedded-content\" sandbox=\"allow-scripts\" security=\"restricted\" style=\"position: absolute; clip: rect(1px, 1px, 1px, 1px);\" title=\"&#8220;Suporte remoto via AnyDesk e TeamView&#8221; &#8212; Central de Ajuda\" src=\"https:\/\/www.fenix.com.br\/blogs\/suporte-remoto-via-anydesk\/embed\/#?secret=CNbzWoFtON#?secret=olPVb1Y7tY\" data-secret=\"olPVb1Y7tY\" width=\"600\" height=\"338\" frameborder=\"0\" marginwidth=\"0\" marginheight=\"0\" scrolling=\"no\"><\/iframe>\n<\/div><\/figure>\n","protected":false},"excerpt":{"rendered":"<p>Aplicativo completo para o processamento e fechamento da LDO (Lei de Diretrizes Or\u00e7ament\u00e1rias), Reestimativa e Avalia\u00e7\u00e3o Anual do PPA para o ano com base no PPA que foi lan\u00e7ado e processado anteriormente pelo Aplicativo PPA da F\u00eanix e, Fechamento da Metodologia e emiss\u00e3o de todos os relat\u00f3rios e c\u00e1lculos pertinentes aos&nbsp;Anexos de Metas e Riscos&hellip;<\/p>\n","protected":false},"author":1,"featured_media":0,"parent":0,"menu_order":0,"comment_status":"closed","ping_status":"closed","template":"","meta":{"footnotes":""},"class_list":["post-245","page","type-page","status-publish","hentry"],"_links":{"self":[{"href":"https:\/\/www.fenix.com.br\/blogs\/wp-json\/wp\/v2\/pages\/245","targetHints":{"allow":["GET"]}}],"collection":[{"href":"https:\/\/www.fenix.com.br\/blogs\/wp-json\/wp\/v2\/pages"}],"about":[{"href":"https:\/\/www.fenix.com.br\/blogs\/wp-json\/wp\/v2\/types\/page"}],"author":[{"embeddable":true,"href":"https:\/\/www.fenix.com.br\/blogs\/wp-json\/wp\/v2\/users\/1"}],"replies":[{"embeddable":true,"href":"https:\/\/www.fenix.com.br\/blogs\/wp-json\/wp\/v2\/comments?post=245"}],"version-history":[{"count":15,"href":"https:\/\/www.fenix.com.br\/blogs\/wp-json\/wp\/v2\/pages\/245\/revisions"}],"predecessor-version":[{"id":1736,"href":"https:\/\/www.fenix.com.br\/blogs\/wp-json\/wp\/v2\/pages\/245\/revisions\/1736"}],"wp:attachment":[{"href":"https:\/\/www.fenix.com.br\/blogs\/wp-json\/wp\/v2\/media?parent=245"}],"curies":[{"name":"wp","href":"https:\/\/api.w.org\/{rel}","templated":true}]}}