{"id":2002,"date":"2024-10-03T16:21:56","date_gmt":"2024-10-03T19:21:56","guid":{"rendered":"https:\/\/www.fenix.com.br\/blogs\/?page_id=2002"},"modified":"2024-10-08T11:32:46","modified_gmt":"2024-10-08T14:32:46","slug":"fundeb-valor-de-ajuste-varr-debito-a-maior-que-o-vaar-credito","status":"publish","type":"page","link":"https:\/\/www.fenix.com.br\/blogs\/fundeb-valor-de-ajuste-varr-debito-a-maior-que-o-vaar-credito\/","title":{"rendered":"FUNDEB &#8211; Valor de ajuste VARR (D\u00e9bito) a MAIOR que o VAAR (Cr\u00e9dito)"},"content":{"rendered":"\n<p>Quando ocorre um ajuste no FUNDEB em que o <strong>VARR (Valor Anual de Refer\u00eancia)<\/strong> no lado do <strong>d\u00e9bito<\/strong> \u00e9 maior que o <strong>VAAR (Valor Anual Aluno de Refer\u00eancia)<\/strong> no lado do <strong>cr\u00e9dito<\/strong>, significa que o ajuste est\u00e1 refletindo uma compensa\u00e7\u00e3o entre o valor que foi inicialmente estimado e o que realmente foi distribu\u00eddo para os entes federados.<\/p>\n\n\n\n<h3 class=\"wp-block-heading\">O que isso representa:<\/h3>\n\n\n\n<ul class=\"wp-block-list\">\n<li><strong>VARR (d\u00e9bito maior que o cr\u00e9dito):<\/strong> Quando o valor debitado \u00e9 maior, pode indicar que o valor inicialmente distribu\u00eddo ou previsto para o munic\u00edpio ou estado foi superior ao que deveria ter sido com base nos c\u00e1lculos finais.<\/li>\n\n\n\n<li><strong>VAAR (cr\u00e9dito menor que o d\u00e9bito):<\/strong> Isso indica que, ao final do exerc\u00edcio, o valor efetivo por aluno (com base no censo escolar e nas receitas arrecadadas) foi menor do que o valor que havia sido repassado ou estimado.<\/li>\n<\/ul>\n\n\n\n<h3 class=\"wp-block-heading\">Ajuste na contabilidade p\u00fablica:<\/h3>\n\n\n\n<ul class=\"wp-block-list\">\n<li>Esse tipo de ajuste precisa ser registrado na contabilidade do ente federado de modo a refletir que o valor recebido foi maior do que o devido, e pode ser necess\u00e1rio restituir ou ajustar esse valor no exerc\u00edcio seguinte. <mark style=\"background-color:rgba(0, 0, 0, 0)\" class=\"has-inline-color has-vivid-cyan-blue-color\">Para tanto voc\u00ea dever\u00e1 efetivar o lan\u00e7amento da Receita do VAAR Normalmente. A seguir, efetuar o lan\u00e7amento de um estorno (anula\u00e7\u00e3o) do valor que foi ajustado no quadro da receita atrav\u00e9s da op\u00e7\u00e3o do menu <strong>Receitas<\/strong>, <strong>Anula\u00e7\u00f5es \/ Estornos de Receitas<\/strong>.<\/mark><\/li>\n<\/ul>\n\n\n\n<p><\/p>\n\n\n<div class=\"wp-block-image\">\n<figure class=\"aligncenter size-full is-resized\"><img loading=\"lazy\" decoding=\"async\" width=\"697\" height=\"547\" src=\"https:\/\/www.fenix.com.br\/blogs\/wp-content\/uploads\/2024\/10\/img_estorno_receita.png\" alt=\"\" class=\"wp-image-2006\" style=\"width:531px;height:auto\" srcset=\"https:\/\/www.fenix.com.br\/blogs\/wp-content\/uploads\/2024\/10\/img_estorno_receita.png 697w, https:\/\/www.fenix.com.br\/blogs\/wp-content\/uploads\/2024\/10\/img_estorno_receita-300x235.png 300w\" sizes=\"auto, (max-width: 697px) 100vw, 697px\" \/><\/figure>\n<\/div>\n\n\n<p><\/p>\n\n\n\n<ul class=\"wp-block-list\">\n<li>Contabilmente, essa diferen\u00e7a deve ser observada com aten\u00e7\u00e3o para garantir a correta aplica\u00e7\u00e3o dos recursos do FUNDEB, seguindo as normas fiscais e cont\u00e1beis, principalmente no <strong>Plano de Contas Aplicado ao Setor P\u00fablico (PCASP)<\/strong>.<\/li>\n<\/ul>\n\n\n\n<p class=\"has-background\" style=\"background-color:#eceaea\"><strong>ATEN\u00c7\u00c3O<\/strong>: Existe uma orienta\u00e7\u00e3o da CNM em que o valor da Receita pode ser lan\u00e7ada em uma conta da receita Redutora. <a href=\"https:\/\/cnm.org.br\/comunicacao\/noticias\/cnm-orienta-sobre-procedimentos-contabeis-para-municipios-que-tiveram-ajustes-nas-contas-da-complementacao-vaar-do-fundeb\">Clique aqui para visualizar a mesma<\/a>.<\/p>\n\n\n\n<p><\/p>\n","protected":false},"excerpt":{"rendered":"<p>Quando ocorre um ajuste no FUNDEB em que o VARR (Valor Anual de Refer\u00eancia) no lado do d\u00e9bito \u00e9 maior que o VAAR (Valor Anual Aluno de Refer\u00eancia) no lado do cr\u00e9dito, significa que o ajuste est\u00e1 refletindo uma compensa\u00e7\u00e3o entre o valor que foi inicialmente estimado e o que realmente foi distribu\u00eddo para os&hellip;<\/p>\n","protected":false},"author":1,"featured_media":0,"parent":0,"menu_order":0,"comment_status":"closed","ping_status":"closed","template":"","meta":{"footnotes":""},"class_list":["post-2002","page","type-page","status-publish","hentry"],"_links":{"self":[{"href":"https:\/\/www.fenix.com.br\/blogs\/wp-json\/wp\/v2\/pages\/2002","targetHints":{"allow":["GET"]}}],"collection":[{"href":"https:\/\/www.fenix.com.br\/blogs\/wp-json\/wp\/v2\/pages"}],"about":[{"href":"https:\/\/www.fenix.com.br\/blogs\/wp-json\/wp\/v2\/types\/page"}],"author":[{"embeddable":true,"href":"https:\/\/www.fenix.com.br\/blogs\/wp-json\/wp\/v2\/users\/1"}],"replies":[{"embeddable":true,"href":"https:\/\/www.fenix.com.br\/blogs\/wp-json\/wp\/v2\/comments?post=2002"}],"version-history":[{"count":8,"href":"https:\/\/www.fenix.com.br\/blogs\/wp-json\/wp\/v2\/pages\/2002\/revisions"}],"predecessor-version":[{"id":2016,"href":"https:\/\/www.fenix.com.br\/blogs\/wp-json\/wp\/v2\/pages\/2002\/revisions\/2016"}],"wp:attachment":[{"href":"https:\/\/www.fenix.com.br\/blogs\/wp-json\/wp\/v2\/media?parent=2002"}],"curies":[{"name":"wp","href":"https:\/\/api.w.org\/{rel}","templated":true}]}}