{"id":1615,"date":"2024-01-17T14:11:09","date_gmt":"2024-01-17T17:11:09","guid":{"rendered":"https:\/\/www.fenix.com.br\/blogs\/?page_id=1615"},"modified":"2024-02-02T09:05:31","modified_gmt":"2024-02-02T12:05:31","slug":"roteiro-para-consorcios-fechamento-do-contrato-de-rateio-com-a-receita-e-pcasp-1-1-2-3-1-02","status":"publish","type":"page","link":"https:\/\/www.fenix.com.br\/blogs\/roteiro-para-consorcios-fechamento-do-contrato-de-rateio-com-a-receita-e-pcasp-1-1-2-3-1-02\/","title":{"rendered":"Roteiro para cons\u00f3rcios: fechamento do contrato de rateio com a receita e PCASP 1.1.2.3.1.02"},"content":{"rendered":"\n<ol class=\"wp-block-list\">\n<li>A inclus\u00e3o do Contrato de rateio no aplicativo <strong>CONTRATO<\/strong> \u00e9 indispens\u00e1vel para a correta gera\u00e7\u00e3o do movimento do cont\u00e1bil nas contas do grupo <strong>1.1.2.3.1.02 x 7.1.1.3.1.08.00 &#8211; CONTRATOS DE RATEIO DE CONS\u00d3RCIOS P\u00daBLICOS<\/strong>.<br><\/li>\n\n\n\n<li>Para garantir a conformidade, \u00e9 obrigat\u00f3rio utilizar a conta cont\u00e1bil <strong>7.1.1.3.1.08.00 &#8211; CONTRATOS DE RATEIO DE CONS\u00d3RCIOS P\u00daBLICOS<\/strong> ao registrar estes contratos de rateio.<br><\/li>\n\n\n\n<li>Ao incluir as Receitas mensais, \u00e9 fundamental direcion\u00e1-las \u00e0 rubrica do grupo <strong>1729.50.01.xx.xx<\/strong>, desdobrando-as para cada entidade que comp\u00f5e o Cons\u00f3rcio.<br><\/li>\n\n\n\n<li>No que diz respeito aos Conv\u00eanios, a inclus\u00e3o deve ser realizada no aplicativo <strong>CONV\u00caNIO<\/strong> para todos aqueles firmados com cada entidade participante do Cons\u00f3rcio. Esses conv\u00eanios devem ser associados \u00e0s Receitas lan\u00e7adas por meio da funcionalidade dispon\u00edvel na ABA Conv\u00eanios.<\/li>\n<\/ol>\n","protected":false},"excerpt":{"rendered":"","protected":false},"author":1,"featured_media":0,"parent":0,"menu_order":0,"comment_status":"closed","ping_status":"closed","template":"","meta":{"footnotes":""},"class_list":["post-1615","page","type-page","status-publish","hentry"],"_links":{"self":[{"href":"https:\/\/www.fenix.com.br\/blogs\/wp-json\/wp\/v2\/pages\/1615","targetHints":{"allow":["GET"]}}],"collection":[{"href":"https:\/\/www.fenix.com.br\/blogs\/wp-json\/wp\/v2\/pages"}],"about":[{"href":"https:\/\/www.fenix.com.br\/blogs\/wp-json\/wp\/v2\/types\/page"}],"author":[{"embeddable":true,"href":"https:\/\/www.fenix.com.br\/blogs\/wp-json\/wp\/v2\/users\/1"}],"replies":[{"embeddable":true,"href":"https:\/\/www.fenix.com.br\/blogs\/wp-json\/wp\/v2\/comments?post=1615"}],"version-history":[{"count":6,"href":"https:\/\/www.fenix.com.br\/blogs\/wp-json\/wp\/v2\/pages\/1615\/revisions"}],"predecessor-version":[{"id":1709,"href":"https:\/\/www.fenix.com.br\/blogs\/wp-json\/wp\/v2\/pages\/1615\/revisions\/1709"}],"wp:attachment":[{"href":"https:\/\/www.fenix.com.br\/blogs\/wp-json\/wp\/v2\/media?parent=1615"}],"curies":[{"name":"wp","href":"https:\/\/api.w.org\/{rel}","templated":true}]}}