{"id":125,"date":"2020-05-07T15:02:10","date_gmt":"2020-05-07T18:02:10","guid":{"rendered":"https:\/\/www.fenix.com.br\/blogs\/?page_id=125"},"modified":"2020-05-07T15:30:46","modified_gmt":"2020-05-07T18:30:46","slug":"historia-da-fenix","status":"publish","type":"page","link":"https:\/\/www.fenix.com.br\/blogs\/historia-da-fenix\/","title":{"rendered":"Hist\u00f3ria da F\u00eanix"},"content":{"rendered":"\n<p>Saiba mais sobre a F\u00eanix<\/p>\n\n\n\n<div class=\"wp-block-image\"><figure class=\"alignleft size-large is-resized\"><img loading=\"lazy\" decoding=\"async\" src=\"https:\/\/www.fenix.com.br\/blogs\/wp-content\/uploads\/2020\/05\/SedeFenix.jpg\" alt=\"\" class=\"wp-image-130\" width=\"313\" height=\"410\" srcset=\"https:\/\/www.fenix.com.br\/blogs\/wp-content\/uploads\/2020\/05\/SedeFenix.jpg 313w, https:\/\/www.fenix.com.br\/blogs\/wp-content\/uploads\/2020\/05\/SedeFenix-229x300.jpg 229w\" sizes=\"auto, (max-width: 313px) 100vw, 313px\" \/><\/figure><\/div>\n\n\n\n<p>A F\u00eanix \u00e9 uma empresa especializada no planejamento, defini\u00e7\u00e3o, implanta\u00e7\u00e3o e acompanhamento de projetos espec\u00edficos para a \u00e1rea de inform\u00e1tica, contemplando ASSESSORIA e CONSULTORIA, para a automa\u00e7\u00e3o de processos na \u00e1rea P\u00fablica Municipal.<br>H\u00e1 mais de vinte e cinco anos no mercado, a F\u00eanix vem consolidando sua atua\u00e7\u00e3o, como uma excelente parceira, notadamente para o segmento de Escrit\u00f3rios de Contabilidade P\u00fablica e Prefeituras Municipais.<br>Em sua cont\u00ednua expans\u00e3o, a F\u00eanix atuando como SOFTWARE &amp; HOUSE SERVICE, tem dirigido seu foco para \u00e1reas estrat\u00e9gicas, oferecendo uma ampla gama de servi\u00e7os e produtos personalizados com eficiente gerenciamento, garantindo a seus Clientes Parceiros e Amigos o alcance de suas metas e a plena satisfa\u00e7\u00e3o de suas necessidades, com uma perfeita adequa\u00e7\u00e3o da rela\u00e7\u00e3o &#8220;CUSTO x BENEF\u00cdCIO&#8221;.<br>Com o firme prop\u00f3sito de manter e aprimorar seus compromissos de qualidade e de preserva\u00e7\u00e3o de investimentos, junto aos seus Clientes, a F\u00eanix dedica especial aten\u00e7\u00e3o \u00e0 capacita\u00e7\u00e3o t\u00e9cnica e pessoal de seus colaboradores, o que, em s\u00edntese, resulta em solu\u00e7\u00f5es atualizadas tecnologicamente.<\/p>\n","protected":false},"excerpt":{"rendered":"<p>Saiba mais sobre a F\u00eanix A F\u00eanix \u00e9 uma empresa especializada no planejamento, defini\u00e7\u00e3o, implanta\u00e7\u00e3o e acompanhamento de projetos espec\u00edficos para a \u00e1rea de inform\u00e1tica, contemplando ASSESSORIA e CONSULTORIA, para a automa\u00e7\u00e3o de processos na \u00e1rea P\u00fablica Municipal.H\u00e1 mais de vinte e cinco anos no mercado, a F\u00eanix vem consolidando sua atua\u00e7\u00e3o, como uma excelente&hellip;<\/p>\n","protected":false},"author":1,"featured_media":0,"parent":0,"menu_order":0,"comment_status":"closed","ping_status":"closed","template":"","meta":{"footnotes":""},"class_list":["post-125","page","type-page","status-publish","hentry"],"_links":{"self":[{"href":"https:\/\/www.fenix.com.br\/blogs\/wp-json\/wp\/v2\/pages\/125","targetHints":{"allow":["GET"]}}],"collection":[{"href":"https:\/\/www.fenix.com.br\/blogs\/wp-json\/wp\/v2\/pages"}],"about":[{"href":"https:\/\/www.fenix.com.br\/blogs\/wp-json\/wp\/v2\/types\/page"}],"author":[{"embeddable":true,"href":"https:\/\/www.fenix.com.br\/blogs\/wp-json\/wp\/v2\/users\/1"}],"replies":[{"embeddable":true,"href":"https:\/\/www.fenix.com.br\/blogs\/wp-json\/wp\/v2\/comments?post=125"}],"version-history":[{"count":3,"href":"https:\/\/www.fenix.com.br\/blogs\/wp-json\/wp\/v2\/pages\/125\/revisions"}],"predecessor-version":[{"id":132,"href":"https:\/\/www.fenix.com.br\/blogs\/wp-json\/wp\/v2\/pages\/125\/revisions\/132"}],"wp:attachment":[{"href":"https:\/\/www.fenix.com.br\/blogs\/wp-json\/wp\/v2\/media?parent=125"}],"curies":[{"name":"wp","href":"https:\/\/api.w.org\/{rel}","templated":true}]}}